actors of p.
5, 79
Let w = -195 - -666. Suppose 14*p - w = 8741. List the prime factors of p.
2, 7, 47
Let g(u) = 14*u - 11 - 15*u - u**3 + 0*u**2 - u**2. Let z be g(-5). Let w = 36 + z. What are the prime factors of w?
2, 5, 13
Let h(r) = 5*r**2 + 84*r - 63. Let q(a) = 2*a**2 + 21*a - 16. Let i(y) = -2*h(y) + 9*q(y). List the prime factors of i(-10).
2, 11, 13
Let p = 1268 - 879. Let c = p + -128. List the prime factors of c.
3, 29
Let j = 62 - 224. Let h = j + 458. List the prime factors of h.
2, 37
Let k(q) = -q**3 - q**2 - 2*q + 148. Let w be k(0). Suppose 2591 - w = 7*v. List the prime factors of v.
349
Let m = -2 - -5. Suppose 42*x - 43*x + 18 = 0. Suppose 0 - 6 = -b + 5*r, -3*r - x = -m*b. List the prime factors of b.
2, 3
Let x be -4*(-6 + 3 + 2). Let j(f) = 0*f - 120 + 266 + 3*f**2 - 135 + 3*f. What are the prime factors of j(x)?
71
Let d(v) = 16*v - 6. Let j be d(1). What are the prime factors of (-15)/(525/j) + (-1250)/(-14)?
89
Suppose -65*q + 2971 = -293819. List the prime factors of q.
2, 3, 761
Suppose -16*r = 2*r - r - 285413. List the prime factors of r.
103, 163
Suppose 4*c + 3*i = -1960 - 1663, c + 3*i = -908. List the prime factors of (-7)/(35/3)*c.
3, 181
Let z(a) = -107*a - 659. List the prime factors of z(-72).
5, 1409
Let j = 218 - 119. Suppose -j*y = -104*y + 140. List the prime factors of y.
2, 7
Let g = 821 - 575. Suppose 4*u = 7*u - g. Let o = u + -18. List the prime factors of o.
2
Let w(s) = -s**2 - s. Suppose -36*d - 75 = -31*d. Let j be w(d). Let q = -144 - j. List the prime factors of q.
2, 3, 11
Suppose 2*c - 4470 = 4*m, 0*c - 2234 = 2*m - 2*c. Let a = -695 - m. What are the prime factors of a?
3, 47
Let k(v) = 7*v**2 - 6. Let a be k(-3). Let t = -54 + a. Suppose 3*q = -t, -3*x + q = -8*x + 169. List the prime factors of x.
2, 17
Let y = -12 + 27. Suppose p = -5*b - 30, -2*p - y = p. List the prime factors of (2/b)/((-5)/325).
2, 13
Let b be ((-18)/15 + 0)/(24/(-80)). List the prime factors of ((14240/4)/(-5))/(-2) - b.
2, 11
Let q be 2/(-4)*(-12 - -16). Let r be (25 - q) + 3 - 4. Suppose 0 = -3*t - 0*t + 4*m + r, m - 18 = -t. List the prime factors of t.
2, 7
Let i(j) = 2271*j**2 + 24*j + 98. List the prime factors of i(5).
56993
Suppose -106*q + 99*q + 35427 = 0. List the prime factors of q.
3, 7, 241
Suppose 10*v - 48 = 2. Suppose -6*j = v + 13. What are the prime factors of (((-40)/j)/(-2))/(4/(-66))?
2, 5, 11
Let w be (-49869)/75 - (-12)/(-150). Let x = w - -869. List the prime factors of x.
2, 3, 17
Suppose -u - 10 = -3*p, 0*u + 5*p + 42 = -2*u. Let w(q) = 9*q + 10. Let n be w(u). Let i = 177 + n. List the prime factors of i.
43
Suppose 4*m - 3*m - 4*l = -32, 5*m = -3*l - 91. Let k = -21 - m. List the prime factors of k - (-66)/(-3)*(0 + -1).
3, 7
Let u(w) = -56*w + 4. Let z be u(-2). Let d = -66 + z. Let j = d + 35. What are the prime factors of j?
5, 17
Suppose 9 = 2*n + 3. Suppose -4*x - 590 = -3*h, x = -4*h + n*h + 185. Let o = -56 + h. What are the prime factors of o?
2, 67
Let k be 3*11/(66/8). Suppose k*s - 339 - 57 = 0. What are the prime factors of s?
3, 11
Let r(g) = 31*g**2 + 48*g + 306. What are the prime factors of r(-8)?
2, 953
Let w = 341 - 345. What are the prime factors of ((-81)/(-1))/(6*w/(-72))?
3
What are the prime factors of -18*(-15)/(-4)*34692/(-70)?
3, 7, 59
Let u = -731 + 776. Suppose 3*q - u = 3*h + 1743, q - 592 = 5*h. What are the prime factors of q?
3, 199
Suppose -3*r = -r + 4*b - 33594, r = -6*b + 16777. What are the prime factors of r?
7
Suppose 5*r + a = -3143 + 192548, -4*a - 151500 = -4*r. What are the prime factors of r?
2, 5, 947
Suppose 5*w + a = 63949, 47*w + 2*a + 38359 = 50*w. What are the prime factors of w?
3, 7, 29
Suppose 0 = k + 2*b - 31819, 5*k - 2*k - 95463 = -5*b. What are the prime factors of k?
139, 229
Suppose 24*m = w + 25*m - 455, 5*m - 475 = -w. What are the prime factors of w?
2, 3, 5
Let q be (-1)/(-2*4/8) - 1. Suppose -52*g + 55*g - 21 = q. Suppose 0 = 2*j + 3*l - 69, g*l = 5*j + 2*l - 110. What are the prime factors of j?
3
Suppose 0 = 3*x + 2*u - 14449, -x - 6*u + 4853 = 2*u. What are the prime factors of x?
4813
Let y = 16 - 10. Suppose 2*p = 3*c + 17, -5*p + 5*c - 12 = -42. What are the prime factors of 2/(p - 3) + y?
5
Let j = 982 - 456. Suppose -3*c + 909 = 3*o, 5*c + j = 3*o - 351. What are the prime factors of o?
13, 23
Let m(f) = -4*f**2 - 3*f + 4. Let l(j) = 5*j**2 + 4*j - 5. Let c(a) = 3*l(a) + 4*m(a). Let h be c(-11). Let u = 12 - h. What are the prime factors of u?
2, 3, 11
What are the prime factors of 316/(17 - (-30840)/(-1816))?
79, 227
Let x = -69 - -79. What are the prime factors of (-3856)/x*(-3 - (-12)/(-6))?
2, 241
Let r = -2156 + 7389. What are the prime factors of r?
5233
Suppose 90*h = 87*h + 2*q + 4290, -h = 2*q - 1438. Suppose -2*c = 7*z - 10*z - 1432, 2*c - h = -z. List the prime factors of c.
2, 179
Let u = -1777 + 2222. What are the prime factors of u?
5, 89
Suppose 56*v - 441830 + 53806 = 0. List the prime factors of v.
13, 41
Suppose 0*n = n - 3. Let x = 36 - n. Let d = x - 28. What are the prime factors of d?
5
Suppose 10*v + 0*v = 30. Suppose v*i + 3*i = 30. Suppose 2*h + 153 = i*h. List the prime factors of h.
3, 17
Let r(j) = j**3 + 7*j**2 + 4*j - 17. Let t be r(-5). Suppose -58*z = -t*z - 2385. List the prime factors of z.
53
Suppose -18*s + s = -6443. Let c = s + -143. List the prime factors of c.
2, 59
Let v(d) = -4*d**3 - 23*d**2 + 24*d + 142. List the prime factors of v(-14).
2, 3137
Let q(y) = 2*y + 8. Let m be q(-3). Let o be 9/(-30)*(-15)/m*-4. Let c = o + 45. What are the prime factors of c?
2, 3
Let a = -118 - -241. Let v = a - -958. What are the prime factors of v?
23, 47
Let j(y) = 14*y**3 + 2*y**2 + y - 3. Suppose 6 = 59*h - 57*h. List the prime factors of j(h).
2, 3, 11
Let u be -1 - 2 - 4/2. Let q = -96 + 96. List the prime factors of q + 0/u - -108.
2, 3
Let p be (-2748)/16*28/(-21)*3. Suppose p = -2*f + 3163. What are the prime factors of f?
2, 619
Suppose -27*g = -2072 + 182. Let s = 210 - g. List the prime factors of s.
2, 5, 7
Let w(q) = q**3 + 3*q**2. Let v be w(3). Let m = v - 28. Suppose m*l = 28*l - 156. What are the prime factors of l?
2, 3, 13
Let c(r) = 4481*r**2 - 119*r + 352. What are the prime factors of c(3)?
2, 17, 593
Let s(c) = -6*c - 20. Let n be s(-18). Suppose -176 - n = 4*w. Let j = 105 + w. List the prime factors of j.
3, 13
Let r = 14 - 21. Let y be 4/(r - -3) - -3. List the prime factors of y*(-5)/10*-50.
2, 5
What are the prime factors of 82630/7 - 114/399?
2, 13, 227
Let n be -16199*3/15 - (-1)/(-5). Let b be -1 + 0 + n/(-10). Suppose -2*u = -4*d + 402, -177 = -5*d + 3*u + b. List the prime factors of d.
103
Let s(j) = -j**2 - 14*j - 8. Let u be s(-13). Let m be 16/6*((-2168)/(-32) + u). Suppose -4*d = l - 388, 3*l = 2*d + 5*l - m. What are the prime factors of d?
97
Suppose -54*t - 1832056 = -130*t. What are the prime factors of t?
2, 17, 709
Let k be ((-12)/(12/4))/(2/7). Let t = -9 - k. Suppose t*v - 338 = -98. What are the prime factors of v?
2, 3
Let q = 237 - -2779. Suppose 9715 = 7*w + q. What are the prime factors of w?
3, 11, 29
Suppose 13*i - 20*i = 10*i - 60384. What are the prime factors of i?
2, 3, 37
Let j(a) = a**2 - 28*a + 54. Let b be j(27). Let p = b + -22. Suppose 0 = n + 5*m - 100, -303 = -p*n - 3*m + 307. What are the prime factors of n?
5
Let a(j) = 2*j**3 - 12*j**2 + 8*j - 31. Let g(n) = 2*n**3 - 13*n**2 + 9*n - 32. Let k(w) = 6*a(w) - 5*g(w). What are the prime factors of k(7)?
2, 13
Let k(x) = 2014*x**2 + 156*x - 887. List the prime factors of k(6).
13, 5581
Suppose 15*r + 4 = 13*r, 0 = -5*c + 3*r + 27036. What are the prime factors of c?
2, 3, 17, 53
Suppose 4*s = s + s. Let r = s + 23. Let t = r + 51. What are the prime factors of t?
2, 37
Suppose 0 = 3*v + v - 4*d - 208, -v + 2*d = -50. Let y = 56 - v. Suppose y*r = 7*r - 485. What are the prime factors of r?
97
Let b(n) = -2*n + 6. Let t be b(2). Suppose 0 = 3*k + 9, -6*h + 26 = -2*h - t*k. Suppose h*w = 6*w - 50. List the prime factors of w.
2, 5
Suppose 694*s = 728*s - 177242. What are the prime factors of s?
13, 401
Suppose -s - 24117 = -q, -2*q + 4*s - 16101 = -64341. List the prime factors of q.
2, 3, 4019
Let q = -4 - -32. Suppose -s - q = -5*z - 0*s, -3*s + 6 = 3*z. Suppose -3*u 